- -15 - (1 + -5) - 5.
4
What is 4 - 0 - (144 - 108)?
-32
Evaluate -50 + (2 + -20 - -47).
-21
What is the value of -8 - (11 + (-8 + -4 - 5))?
-2
What is the value of 0 + -14 + (-111 - -131)?
6
Calculate (-29 - ((-6 - 14) + 8)) + 37.
20
What is the value of 3 + (3 - (9 + 20 + -13))?
-10
What is the value of 60 - 53 - (0 - (1 - -2)) - 7?
3
Calculate (-11 - (-19 - (-8 - 0)) - 8) + -15.
-23
Evaluate 2 + 5 + 6 + (21 - 17).
17
5 + (13 - (8 - -8 - 3))
5
Evaluate (-2 + -1 - 1) + -5 + 3.
-6
Evaluate 1 + -2 - (-3 - -2 - (-1 + -2)).
-3
Evaluate (1 - (-14 + 1)) + 564 + -560.
18
Evaluate -36 + 8 + (24 - 7).
-11
What is the value of -2 - (-20 - (-20 + 0))?
-2
Evaluate -60 + 65 - (-1 + -2 - -4 - -15).
-11
Evaluate -9 + (11 - 3 - 4).
-5
-4 + ((2 - 1) + 7 + -9 - -4)
-1
What is the value of -3 + (-17 - -19 - (1 - -6))?
-8
(10 + -3 - ((7 - -3) + 8)) + -7
-18
What is the value of 6 + -23 + 1 - (4 + 2 - 2)?
-20
2 + 9 + -13 - -17
15
Calculate -8 - -1 - (-20 + (-36 - -21) + 57).
-29
-32 + 58 + -26 - 25
-25
What is -50 + 14 + -11 + 3 + 12 + -6?
-38
Evaluate (5 - -22) + -4 + -17.
6
Calculate 2 + (-1 - -6) + (-43 - -54).
18
What is the value of 0 + -7 + (-221 - -224)?
-4
-7 + (-1 - 1) + (0 - -23)
14
What is (6 - -2) + (-14 - (-12 - 11))?
17
What is the value of (-65 - -69 - (0 + 0)) + -1 + 0?
3
What is -2 + -1 - (37 - (-6 + 33))?
-13
-6 - (-6 + 1 - (-52 - -38))
-15
20 + 3 + -15 - (-4 + -1)
13
What is the value of (6 - (12 + -2 - 4)) + -14 - -4?
-10
What is 53 - (0 + 33 + -11)?
31
Evaluate -28 - (-50 - -38) - (0 - 3 - 1).
-12
Calculate 6 + -2 - 10 - (-10 - (-8 + 4)).
0
-16 - (-11 + -25 + 19)
1
Calculate -20 - (0 - 11 - (370 + -354)).
7
(-12 - -1) + 0 - (-222 + 195)
16
Evaluate -2 + -7 + 24 + -7 - 8 - -7.
7
What is (12 - (13 - (10 - -2))) + (4 - 0)?
15
Calculate -3 + 2 + 2 - (30 - 32).
3
Evaluate 9 + (1 - 1) + -18.
-9
44 + -53 + (-7 + -4 - -2)
-18
Calculate (-2 - (21 + -60)) + -17.
20
What is 28 + (24 - (-12 + 59))?
5
What is the value of -17 + (-14 - (-16 - -9)) + 18?
-6
(6 - (-23 + 19)) + -22 - (0 - 8)
-4
6 + -12 + 4 + 2 + -1
-1
-6 + 12 + -1 + -5 - (-13 + 0)
13
-14 + -4 + 46 + -20
8
Calculate -19 + (64 + -78 - (3 + 0 + -10)).
-26
6 + 24 + -21 + (11 - -2)
22
Calculate -6 + (35 - 6) - (-42 + 41).
24
What is 5 + -9 + 2 - (16 - 11)?
-7
Evaluate (-16 - -33 - 21) + 10.
6
(55 - -17) + -159 + 112
25
92 + -126 + (-11 + 3 - (0 + -5))
-37
Evaluate -8 - 4 - (-18 + -7 + 29).
-16
What is -22 - (12 - 20 - -13 - 11)?
-16
-8 + (3 - (-1 - -5))
-9
(-7 + -20 - -2) + (4 - -7)
-14
-1 + (26 - 9) - (101 - 69)
-16
(5 - 10 - -11) + 0 + 18 - 2
22
-5 - (-28 - (5 - 7 - -4))
25
Evaluate -14 - -14 - (-2 + 8 + -7) - -27.
28
0 - (-3 + 5 + (13 - 8) + -7)
0
What is the value of -2 - (-1 - -10) - (79 - (29 + 58))?
-3
Evaluate -21 + (-12 + (8 - -15) - 15).
-25
Calculate -10 + 0 + 5 + -7 + (-6 - -16).
-2
Evaluate -5 + (5 - (-2 + 1)).
1
Evaluate (12 - 27) + 11 - 4.
-8
2 + (-4 - -1) - (-243 - -236) - 14
-8
407 + -397 - (8 + 1 + (-2 - 0))
3
What is the value of -4 + -1 + (-50 - -42) + (2 - 5)?
-16
Calculate (3 - (-7 - -2) - -3) + (-5 - -33).
39
Calculate 592 + -580 - (-1 + -1 + 0).
14
Evaluate 4 + (-4 - (5 - 16)) + (-7 - -6).
10
What is 4 - (6 + -1 - 5) - -3 - -4?
11
What is the value of -14 - (15 + -4 + (13 + -6 - 10))?
-22
What is -43 - -33 - (3 + -1 - 11)?
-1
Evaluate 15 + -6 - (-1 + 0 - 5) - 4.
11
What is the value of (-24 - (-9 + 0 + 5)) + 2 + -2?
-20
What is the value of -41 + (15 - 6) + (53 - 32)?
-11
Evaluate -9 - 27 - -2 - -9.
-25
Calculate -7 - (-15 - (3 + -20)).
-9
What is 16 - (-6 + -38 + 32)?
28
Evaluate -6 + 1 + 33 + -32 + 20.
16
What is the value of 4 + -4 + (-3 - 7 - 1) - -43?
32
Calculate -3 - 3 - (18 + -3 + 8 - 7).
-22
What is -14 + (11 - (5 - (6 - 6)) - 8)?
-16
What is the value of 6 + 12 + -7 + -22?
-11
What is the value of 129 + -170 + (15 - 5)?
-31
What is the value of -16 + 0 + (-16 - -45)?
13
Evaluate (-67 + 7 - -51) + 6 + 0.
-3
(3 - (8 + 0 - -2)) + 3
-4
What is the value of 11 + (-9 - (6 - 1)) - (-1 + 10)?
-12
What is the value of 8 + (3 - 29) - -2?
-16
Evaluate -13 + -2 + (-1 + (3 - -5) - 3).
-11
What is the value of 6 + 15 - (157 - 153)?
17
Calculate 5 - ((1 + 9 - 8) + -11).
14
Calculate 31 + (16 - 4 - 28).
15
What is 23 + (19 - 3) - 34?
5
What is 25 + -12 + (7 - 10) + 9?
19
What is the value of -46 + -39 + 26 + 21?
-38
Evaluate (6 + 0 - 0) + (14 - (-5 + 13)).
12
9 - (7 + (5 - (1 - -1)))
-1
18 - (-3 - (-2 + (8 - 6) - 0))
21
Evaluate 16 - 12 - (-2 + -4).
10
Calculate -3 + -1 - (-1 + (12 - -14)) - -4.
-25
What is 26 + 41 + -51 + -30?
-14
What is the value of 6 - (-1 + 3 - -5 - (16 + -4))?
11
(7 - (9 - 4)) + 13 + 10
25
What is -9 + -20 + 31 - (-3 + -1 - -4)?
2
What is the value of 10 + 1 + (-1 - -11 - 11)?
10
2 - 3 - (15 + -54 - -23)
15
Evaluate -52 + 28 + 14 + -2 + 0.
-12
-12 - -4 - -4 - (-11 + 0 + 2)
5
Evaluate -5 - (4 + (1 - 8) + -5).
3
What is the value of -23 + 30 + 30 + -23?
14
Evaluate -43 + 34 - (-2 - 4).
-3
What is the value of 3 - 11 - (-2 + -7 + -3)?
4
(3 + 13 - -2) + (-13 - -6 - -2)
13
Calculate 22 + (5 - (25 + 8 + (-6 - 11))).
11
What is -15 - (-13 + (-2 - 12))?
12
(-3 - (7 + -11 + 7)) + -1 + 0
-7
What is the value of (-1 - 1) + -7 + 13 + -40 + 20?
-16
(1 - 0 - -1) + (21 + -40 - -12)
-5
0 - -32 - (24 + -31 + -9 - -27)
21
What is (1 - 0) + -15 + 1 + -1?
-14
What is the value of 7 + 1 - (-20 - (32 - 31))?
29
1 + 4 + -1 - (32 + -33)
5
3 + (-36 + 41 + -10 + 1 - 0)
-1
What is 0 - (-13 + 0 + 6) - 5?
2
What is the value of -30 + 45 + 22 - 35?
2
Evaluate 3 + (-8 - (-9 + -8)) + -20.
-8
What is the value of (-3 - -8) + -6 + 6?
5
Calculate -2 + 0 - (-105 - -60 - -37).
6
(-13 - -32 - 15) + -5
-1
Evaluate -14 - (-9 - 15 - -18).
-8
4 - (-5 + 13) - (0 + 2)
-6
What is 10 + 0 + (9 - 5) + -11?
3
(2 - (-9 + 0 + 12 + -7)) + 13
19
(2 - (9 + 2)) + 309 + -296
4
-2 + 1 - (-27 - (-30 + 22))
18
Evaluate (1 - (7 + -10)) + 6 + -2.
8
Calculate -7 - ((-29 - -32) + -3 + 13 + -3).
-17
18 - (-4 - (0 - 2) - (98 - 94))
24
-29 + (-3 - -6) + (4 - 1 - -3)
-20
Calculate (4 - -29) + -32 - (0 - (12 + -1)).
12
What is -42 + 15 + 14 + 18?
5
What is -5 + 19 + -6 - (-9 + 1)?
16
What is 22 + 1 + -2 + -11?
10
What is 24 + (18 - 38) + (-8 - 0)?
-4
What is (-3 - 6) + 5 + -3?
-7
Calculate 5 - ((-10 - -15) + 23 - 6 - -1).
-18
What is the value of 13 + 0 - (72 - 58)?
-1
What is 1 + (1 - -1 - 7 - -5) + 5?
6
What is the value of -14 + (-19 - -20) + 5?
-8
What is (11 - 4) + (-4 + -3 - (4 - 0))?
-4
Calculate -3 + (5 - 11 - (-1 + -3)).
-5
(-160 - -165) + 1 + 0
6
What is -9 - (44 + (-9 - 5 - 2))?
-37
What is the value of (0 - 1) + (-13 - (-19 - -3))?
2
What is the value of -27 + 54 + -28 + 0 + -21 + 2?
-20
What is the value of (-34 - (3 - -8 - 18)) + 14?
-13
What is the value of -5 + (4 - 23) + 5?
-19
-1 - 3 - -8 - 3
1
Evaluate (-9 - 1) + -4 + (20 - 19).
-13
What is the value of -4 + 12 + -8 + -2?
-2
Evaluate -2 - 0 - (1 - (9 - 17)).
-11
What is 21 + -23 + 0 - 7?
-9
What is 4 - (4 + -1) - (26 + -7)?
-18
What is 1 + 23 - (30 + -8 - 14)?
16
Evaluate -4 + -14 + 16 + (2 - 1).
-1
What is the value of 0 - (6 - -4 - (0 - -44)) - 10?
24
Calculate -1 + -2 + 7 + -1.
3
Calculate -8 - (2 - -10 - (-4 - -11)).
-13
What is the value of (15 - (-9 - -33)) + 23 + 1?
15
(-7 - (-26 - 14)) + -53
-20
What is the value of -1 + 22 + -29 + (8 - -6)?
6
Calculate -53 + 82 - (10 + -7).
26
What is the value of 3 + -28 - (-8 + (17 - 12))?
-22
-26 - (12 - -7 - 32)
-13
What is (8 - -3) + -6 + 5 - (37 + -53)?
26
What is -51 - -31 - (7 - 30)?
3
Evaluate 18 + (-38 - -46 - (0 - -4)).
22
Evaluate -1 + -6 + -7 - -36.
22
Calculate 1 - 10 - (31 - 46).
6
-5 + 10 + 9 + (-7 - 1) + 8
14
What is the value of -66 + 60 - ((2 - 4) + (13 - 3))?
-14
Evaluate -5 + 3 - (-6 - 0) - (-2054 - -2044).
14
Calculate -10 + (34 - (-17 - -22)).
19
Evaluate 499 + -508 - ((-28 - -1) + 1 + -2).
19
Evaluate 1 - (4 + (6 - ((-6 - -6) + 10))).
1
(-13 - -3) + 3 + 1 - -2
-4
Calculate -19 + 46 - (-1 - -14).
14
Calculate 13 + -1 + (-16 - -16).
12
What is the value of -8 + -2 + -4 + (1 - -5 - 2)?
-10
What is the value of (2 - (-15 - -30)) + (0 - -2) - -7?
-4
Evaluate (4 - 3 - 6) + (-13 - -13) + -4.
-9
23 + (7 - ((-6 - -3) + 20))
13
Calculate 4 - (5 - (7 - 2)).
4
-12 + 10 + 7 + -13 - (-26 - 0)
18
Calculate 6 + 10 + (1 + -3 - 10) - -4.
8
Calculate 0 + (10 - (-8 + 14 - 1)) + 8.
13
What is 15 - (-8 + (